 -m. What is the units digit of r?
3
Let o(h) = 35*h**3 + 2*h - 2. What is the units digit of o(1)?
5
Let m be (6/4)/(-3)*-6. Suppose 33 = m*z - 2*j, z + 5*j - 3 = -z. What is the units digit of z?
9
Suppose -57 + 6 = -3*y. What is the tens digit of y?
1
Let g = 12 - 8. Suppose g*c = 2*b + 18, 3*b + 9 = 4*c - 8. Suppose 4*i + 6 = -c*j, 3*j - 26 = 5*i - 0*i. What is the units digit of j?
2
Let p be 8/((2 + 0)*1). Let h = 0 + p. What is the units digit of h?
4
What is the tens digit of (-2 + -1)*(-15 - 2)?
5
Let r(j) = 4*j + 7. Let l be r(7). Suppose -6*s = -s - l. What is the units digit of s?
7
Let s(u) be the third derivative of -u**5/60 + u**4/4 + 3*u**2. Let a be s(6). Let m = a + 4. What is the units digit of m?
4
Let u(g) = 1 + g - 2 + 2. Let s be 2/(-3) - 40/(-6). What is the units digit of u(s)?
7
Suppose k + 0*k + 2*l = 2, 0 = -2*k + l - 6. Suppose 3*s + 2*v = -2, 2*s + 2*s + 4*v = -4. Let a = s - k. What is the units digit of a?
2
Suppose 0 = -5*w + 335 + 475. What is the tens digit of w?
6
What is the units digit of 274/6 - (-2 + (-8)/(-3))?
5
Suppose c + 128 = 5*c. Let m = -9 + c. Let r = -10 + m. What is the units digit of r?
3
Suppose -3*p + 7 = -3*w - w, -4*w + 2*p = 2. Suppose -5*o + w*a = -46, 3*o - a - 30 = -2. What is the tens digit of o?
1
Suppose g = -0*g. Suppose g = 3*n - z - 10, -2*z + 10 + 0 = 0. Suppose 4*v = -3*p - 6, -p - 19 = -3*p + n*v. What is the units digit of p?
2
Suppose 0 = -4*n + 752 - 232. Suppose 0 = -t - 4*t - p + n, -t - 4*p = -7. What is the tens digit of t?
2
Let x(g) = -g**3 + 7*g**2 + 13*g - 20. What is the units digit of x(8)?
0
Suppose -4*h = -2*n + 85 - 13, -2*n - 4*h + 80 = 0. What is the units digit of n?
8
Let b be 110/(-3) - 7/21. Let t = 69 + b. Let q = -21 + t. What is the tens digit of q?
1
Let b = 13 + -8. Suppose -b*h = -2*j + j + 14, -5*h - 18 = -2*j. Suppose j*x + 4 - 12 = 0. What is the units digit of x?
2
Suppose y = -2*h + 53, 4*y + 0*y = 5*h + 147. What is the tens digit of y?
4
Let s = 8 + 12. What is the units digit of s?
0
Let t(v) = -5*v + 4*v + 3*v + 11 - v. What is the units digit of t(0)?
1
Let f(n) = n**3 + 8*n**2 + 9*n + 2. What is the tens digit of f(-6)?
2
Let r be (-3)/2*2*-1. Let f = r - 0. Suppose 3*m = 2*m - 5, -5*t + f*m + 55 = 0. What is the units digit of t?
8
Let y be 1 - 2 - (2 + 0). Suppose -3*v + v = 2. Let z = v - y. What is the units digit of z?
2
Suppose -62*x + 66*x = 468. What is the tens digit of x?
1
What is the tens digit of 167 + (-4)/(-4 - -8)?
6
Let b(x) = x**2 - 9*x - 6. Let g be b(9). Let y(w) = -2*w + 5. Let j be y(g). Suppose 0 = 3*z + 4*i - 31, 0*z - i - j = -2*z. What is the units digit of z?
9
Let c(l) = 0*l**2 - 5 + 8*l - l**2 + 0*l**2. Let b = 8 + -2. What is the units digit of c(b)?
7
Let k be 3*(-1)/((-3)/2). Suppose -3*f + c + 20 = -11, 4*f = -k*c + 48. What is the units digit of f?
1
Suppose -2*d + 0 = 2. What is the units digit of 0 - (0 + d + -4)?
5
Let p = -5 + 5. Suppose 5*o - 25 = p, 2*o = 3*y - 0*o - 17. What is the units digit of y?
9
Let w(s) = -76*s. Let q be w(2). What is the tens digit of (q/(-16))/(1/4)?
3
Let s = -1 + 6. What is the units digit of s?
5
Suppose b = 4*b - 9. Let l(u) = -5*u**3 + 9*u**2 - 15 + 12*u + 0*u**b + 4*u**3. What is the units digit of l(10)?
5
Suppose -4*m = -42 + 10. Suppose -n - 3*n = -m. What is the units digit of n?
2
Let x(n) = 2*n + 32. What is the units digit of x(13)?
8
Suppose 5*v - 3*v - 180 = 0. Suppose -3*w - v = -8*w. What is the tens digit of w?
1
Let h(s) be the second derivative of s**4/12 + s**3 + 3*s**2/2 - 4*s. Let d be h(6). Suppose 5*n = 2*t - 33, -5*t + 24 = 4*n - d. What is the tens digit of t?
1
Let s(b) = 2*b - 2. What is the units digit of s(4)?
6
Suppose -4*k + 64 = 4*o, o - 4*k = 6*o - 80. What is the tens digit of o?
1
What is the tens digit of 6/3*(7 + 41)?
9
Let c = 8 - -11. What is the units digit of c?
9
Let y = 17 - -11. What is the units digit of y?
8
Let b(j) = j**2 - j + 1. Let m be b(-2). Suppose -l = 2*k - 17, -5*l + k + m = -23. Suppose 2*y - 2 = -x + l, 0 = 5*x + 2*y - 61. What is the units digit of x?
3
Let a(z) = 10*z + 13. What is the tens digit of a(4)?
5
Suppose 13 = -3*j + 1. Let g = -25 - -29. Let t = g - j. What is the units digit of t?
8
Let l = 2 - 3. Let g = 6 + -4. Let m = l + g. What is the units digit of m?
1
Suppose 5*q - 14 = -2*m, 4*q + 15 = 5*m - 20. Let d(z) = -6*z + 8. Let o be d(m). What is the tens digit of o/(-3) + 2/3?
1
Suppose -v + 1 + 1 = 0. Suppose -5*l + 4 = 2*r - 3, -v*r = 2*l + 2. Suppose -8*t - 5 = -l*t, 8 = j + 3*t. What is the units digit of j?
1
Suppose -5*u - 42 = -w, -4*w + 200 = -0*w - 4*u. What is the tens digit of w?
5
Suppose -5*m + 2*r + 802 = 0, m = -3*m + 3*r + 636. What is the tens digit of m?
6
Suppose -a - 3*s - 2 = -1, -4*a = 5*s - 3. Suppose -2*k + a = -2. What is the units digit of k?
2
Let y(j) = 5*j + 19. What is the tens digit of y(7)?
5
Suppose 2*f - 6*f - 24 = 0. Let s = 18 + f. Suppose 5*z + 32 = 2*h, z + 2*z = -s. What is the units digit of h?
6
Let f(h) = -h**3 - 2*h**2 - h + 3. Let y(p) = p**2 + 1. Let z(c) = f(c) - 4*y(c). What is the tens digit of z(-7)?
5
Suppose q = -2*f + 93 + 57, 4*q - 75 = -f. What is the tens digit of f?
7
Let s be 2/(-4) - 54/(-12). Suppose 0 = -3*q - q + s, -45 = 3*m - 3*q. What is the units digit of (-2)/1*m/4?
7
Let y = 14 + -28. Let k be 90/21 - (-4)/y. Let z(h) = -h + 5. What is the units digit of z(k)?
1
Let g = 162 - 66. What is the units digit of g?
6
What is the hundreds digit of 6/8 - 7770/(-40)?
1
Let s = -84 - -119. What is the units digit of s?
5
Let b be 14/6 + (-2)/6. Suppose i - 17 = b*s, 3*i - 6*i = s - 79. What is the tens digit of i?
2
Let h be (1/4)/(3/36). Suppose -7*d + h*d + 192 = 0. What is the tens digit of d?
4
Let v = 8 - 6. Suppose 4*y = 20, -3*r - v*y - 22 = -7*r. What is the units digit of r?
8
Let b(t) = 93*t**3 + t**2 - t + 1. Let s be b(1). Suppose 2*k = 4*u - 0*u + 64, 0 = 2*k + 2*u - s. What is the units digit of k?
2
What is the tens digit of (-3*345/(-27))/((-1)/(-3))?
1
Suppose 2*j + j = r, -r - 8 = -j. Let w = r - -42. What is the tens digit of w?
3
Let w = -46 - -162. Suppose -6*l = -8*l + w. What is the tens digit of l?
5
What is the tens digit of (-13)/((-52)/280) + 1?
7
Let t(d) be the first derivative of -7*d**2/2 - d - 2. What is the units digit of t(-2)?
3
Suppose 4*l + 5 - 13 = 0. Suppose 30 = l*r - 4*b, 2*r - 6 = 3*b + 21. Suppose -4*a + r = -15. What is the units digit of a?
6
Let a(l) = -l**3 + 19*l**2 - 15*l + 39. What is the hundreds digit of a(17)?
3
Suppose -2*l + 0*l = -110. What is the tens digit of l?
5
Suppose g - 3*g + 121 = t, 130 = 2*g + 4*t. What is the tens digit of g?
5
Let p(v) be the second derivative of v**4/12 - 3*v**2/2 - 3*v. Suppose 5*w - 3*s + 18 + 3 = 0, 0 = -3*w + 5*s - 19. What is the units digit of p(w)?
6
Let d be 0/(-3) + 15 + 2. Suppose -7 - d = -4*s. What is the units digit of s?
6
Let q = 253 - 43. Let y = q - 140. What is the units digit of y/12 - (-2)/12?
6
Let v(j) = -2*j - 7. Let p be v(-5). Suppose -p*o = -2*i - 10, -41 + 11 = -3*o - 3*i. What is the units digit of 4/6 + 32/o?
6
Suppose 4*r + 3*a = -0*r + 570, -5*r + 2*a + 701 = 0. What is the hundreds digit of r?
1
Let x = -36 - -116. What is the tens digit of x?
8
Suppose 0 = -u - 3*u + 8. Suppose -2*a = -0*a. Suppose -2 = 4*f + 2*r - a, -u*r - 6 = 2*f. What is the units digit of f?
2
Suppose s + 44 = 146. What is the units digit of s?
2
Let a(j) be the first derivative of j**3/3 - 3*j**2/2 + 3*j + 1. What is the units digit of a(2)?
1
Let q(r) = -3*r - 4. Let s(p) = p**2 - 7*p + 3. Let k be 3*-2*(4 - 5). Let x be s(k). What is the units digit of q(x)?
5
Let t be 3/((-3)/(-16)*2). Let s = t - 2. Suppose s*v - 55 = v. What is the tens digit of v?
1
Let l = 73 + -23. What is the tens digit of l?
5
Suppose 2*o + 0*o = -108. Let c = 99 + o. What is the tens digit of c?
4
Suppose 4*f + 3*b = 277 - 42, -f + b = -50. What is the units digit of f?
5
Let v(p) = 23*p + 7. Let a(j) = -8*j - 2. Let g(s) = -17*a(s) - 6*v(s). What is the units digit of g(-7)?
6
Let m = 109 + -17. What is the units digit of m?
2
Let k = 17 + -7. What is the units digit of k?
0
Let m(s) = 3*s**2 - 4*s. Let d be m(3). Suppose 2*z - 43 - d = 0. What is the tens digit of z